ivide 145495854?
False
Is 57522804 a multiple of 221?
False
Is 7 a factor of 1934044?
True
Does 233 divide 19174151?
False
Does 8 divide 79726260?
False
Does 133 divide 4106724790?
True
Is 31587878 a multiple of 34?
False
Does 161 divide 1445607891?
True
Does 67 divide 12237416?
True
Is 941470055 a multiple of 6?
False
Does 48 divide 732969673?
False
Does 1934 divide 146274222?
True
Is 35 a factor of 65674055?
False
Is 3 a factor of 4611370?
False
Does 10 divide 18914074?
False
Does 7214 divide 929604883?
False
Is 1913 a factor of 22524646?
False
Is 12 a factor of 71227560?
True
Is 433 a factor of 59301510?
False
Is 93896121 a multiple of 111?
True
Is 345 a factor of 1785987030?
True
Does 13 divide 240000462?
True
Is 36441957 a multiple of 24?
False
Is 991449486 a multiple of 6?
True
Does 208 divide 94680352?
True
Is 909 a factor of 27779442?
False
Does 929 divide 155223418?
False
Is 37389168 a multiple of 53?
True
Is 20 a factor of 89389480?
True
Does 255 divide 431069690?
False
Is 86 a factor of 1527211021?
False
Does 787 divide 1360391260?
False
Does 989 divide 1014512748?
False
Is 386 a factor of 64409999?
False
Is 5952930610 a multiple of 23?
True
Is 18 a factor of 374346266?
False
Is 761125839 a multiple of 240?
False
Is 1037 a factor of 36451373?
False
Is 657 a factor of 22241421?
True
Does 159 divide 2046171?
True
Does 494 divide 207141116?
True
Is 33109729 a multiple of 193?
True
Does 11 divide 14639449?
True
Is 74491053 a multiple of 3783?
True
Does 13 divide 409448008?
False
Is 1171099478 a multiple of 170?
False
Does 14 divide 17056919?
False
Is 15 a factor of 17668846?
False
Does 28 divide 184392731?
False
Is 3296 a factor of 17462649?
False
Is 308 a factor of 293623026?
False
Does 249 divide 2853090425?
False
Does 43 divide 2926711064?
True
Is 648 a factor of 175841280?
True
Does 8 divide 13462796?
False
Is 179 a factor of 81175426?
True
Is 22 a factor of 30902094?
False
Is 765 a factor of 1027676520?
True
Is 26252096 a multiple of 278?
True
Does 73 divide 30710589?
True
Is 3911653 a multiple of 109?
False
Is 1557 a factor of 27129272?
False
Does 24 divide 23100792?
True
Does 53 divide 1166518576?
False
Does 107 divide 13261977?
False
Is 14468490 a multiple of 3?
True
Is 6 a factor of 33407139?
False
Does 78 divide 366198222?
True
Is 1511625855 a multiple of 9285?
True
Does 379 divide 28448119?
True
Is 2299314584 a multiple of 2872?
True
Is 8158294 even?
True
Is 43744220 a multiple of 15?
False
Does 718 divide 78331243?
False
Is 112665389 a multiple of 2354?
False
Is 6114297 a multiple of 21?
True
Is 56 a factor of 55891752?
True
Is 88968472 a multiple of 16077?
False
Is 195 a factor of 9026774?
False
Does 735 divide 1360091322?
False
Is 9 a factor of 56318286?
False
Is 395 a factor of 32126930?
True
Does 1344 divide 46372032?
True
Is 45 a factor of 34515900?
True
Is 1839905596 a multiple of 1199?
False
Is 19747248 a multiple of 48?
True
Is 1369545812 a multiple of 85?
False
Does 7 divide 843816403?
False
Is 3536911885 a multiple of 20?
False
Is 11 a factor of 26638129?
False
Does 672 divide 388722432?
True
Is 1118765540 a multiple of 452?
True
Is 25 a factor of 27187250?
True
Is 12148747 a multiple of 43?
True
Is 187178285 a multiple of 578?
False
Is 853 a factor of 130583211?
True
Is 112 a factor of 106699934?
False
Does 1294 divide 297239288?
False
Is 9 a factor of 59687957?
False
Is 130850500 a multiple of 6430?
True
Does 35 divide 99578606?
False
Is 147 a factor of 274020621?
False
Is 57021149 a multiple of 1362?
False
Is 505408000 a multiple of 10?
True
Does 299 divide 3613346828?
True
Is 659850 a multiple of 113?
False
Is 26 a factor of 31780996?
True
Is 168324816 a multiple of 11?
True
Does 841 divide 260703465?
False
Is 20499619 a multiple of 7?
True
Is 422242490 a multiple of 925?
False
Is 37267853 a multiple of 1897?
False
Is 49 a factor of 1130697393?
True
Is 82 a factor of 518199984?
True
Is 26 a factor of 15138006?
True
Is 60635916 a multiple of 36?
True
Does 202 divide 10526303?
False
Does 188 divide 897077697?
False
Is 366550316 a multiple of 4706?
False
Is 11 a factor of 46764850?
True
Is 148356375 a multiple of 3917?
True
Does 13 divide 2850700164?
True
Does 327 divide 17146993?
False
Is 61458911 a multiple of 2?
False
Is 463655703 a multiple of 41?
False
Does 45 divide 1323620?
False
Is 320 a factor of 29859520?
True
Is 67 a factor of 8504963?
False
Does 39 divide 20068347?
True
Is 431706044 a multiple of 308?
True
Is 1525 a factor of 70472187?
False
Is 1707990765 a multiple of 1105?
True
Is 42068831 a multiple of 8?
False
Does 1973 divide 16354197?
True
Is 47 a factor of 2544197420?
True
Is 515 a factor of 75938810?
True
Is 339542126 a multiple of 1022?
True
Is 291 a factor of 13024578?
True
Is 56727396 a multiple of 682?
True
Does 6845 divide 166169220?
True
Is 524052961 a multiple of 23?
False
Is 509 a factor of 323692528?
False
Does 467 divide 25371643?
True
Is 471435575 a multiple of 65?
True
Does 224 divide 84072352?
True
Is 1639934380 a multiple of 461?
False
Is 78 a factor of 44691660?
True
Is 303895151 a multiple of 7?
True
Is 2448600 a multiple of 420?
True
Is 73 a factor of 2801448?
True
Is 3 a factor of 365942853?
True
Is 40548399 a multiple of 3?
True
Is 1370643 a multiple of 324?
False
Does 48 divide 1664358960?
True
Is 1720538699 a multiple of 178?
False
Is 23989920 a multiple of 1104?
True
Is 3545385 a multiple of 20?
False
Is 3433779894 a multiple of 138?
True
Is 33854303 a multiple of 292?
False
Is 328452474 a multiple of 12?
False
Is 40421628 a multiple of 18?
True
Is 60237697 a multiple of 331?
True
Is 4 a factor of 63709604?
True
Is 438 a factor of 557885418?
True
Does 41 divide 146671919?
False
Is 15933597 a multiple of 30?
False
Is 14310441 a multiple of 135?
False
Is 94 a factor of 30983770?
False
Does 21 divide 1479173010?
True
Is 885364641 a multiple of 357?
True
Does 63 divide 15614496?
False
Is 73 a factor of 85658127?
True
Is 955494265 a multiple of 16?
False
Does 5 divide 315591065?
True
Is 1528 a factor of 32907008?
True
Is 251411977 a multiple of 3104?
False
Is 91038450 a multiple of 150?
True
Is 24020448 a multiple of 12?
True
Is 29303088 a multiple of 6?
True
Is 82 a factor of 155800492?
True
Is 829 a factor of 3197683153?
False
Is 1077 a factor of 6497541?
True
Does 309 divide 18676359?
False
Is 1499892021 a multiple of 106?
False
Is 151 a factor of 6595633?
False
Is 72514896 a multiple of 492?
True
Is 73 a factor of 416821724?
False
Is 791934635 a multiple of 61?
True
Is 233174295 a multiple of 1207?
True
Is 328699700 a multiple of 1604?
True
Does 1198 divide 3007785876?
False
Does 1678 divide 225256736?
False
Is 1657 a factor of 814301167?
True
Does 97 divide 102193674?
False
Is 1139450188 a multiple of 494?
False
Does 8 divide 433481286?
False
Is 15 a factor of 74423640?
True
Is 991658318 a multiple of 104?
False
Is 183607431 a multiple of 133?
True
Is 6 a factor of 17533529?
False
Does 746 divide 33042515?
False
Is 1627484682 a multiple of 22?
False
Is 330994099 a multiple of 9?
False
Is 1543112838 a multiple of 78?
False
Does 2 divide 9815846?
True
Does 64 divide 218953664?
True
Is 56 a factor of 7937969984?
True
Does 34 divide 1894820?
True
Is 9202645 a multiple of 215?
True
Is 3819809 a multiple of 320?
False
Does 30 divide 402510052?
False
Is 4 a factor of 20404353?
False
Does 38 divide 96638740?
False
Is 11 a factor of 295804817?
True
Is 462422145 a multiple of 1635?
True
Is 8 a factor of 2334959029?
False
Does 79 divide 26514269?
False
Does 56 divide 106247910?
False
Is 2991063708 a multiple of 36?
True
Is 99 a factor of 38801018?
False
Does 13 divide 198251159?
False
Does 605 divide 506361405?
True
Is 12 a factor of 182939111?
False
Does 6 divide 412182?
True
Is 61 a factor of 298456774?
True
Is 2402899568 a multiple of 287?
False
Is 133281617 a multiple of 31?
True
Does 2 divide 6087767?
False
Is 268719745 a multiple of 15?
False
Is 153 a factor of 12299976?
True
Is 6 a factor of 52645818?
True
Is 18 a factor of 11289745?
False
Is 6332 a factor of 530096044?
True
Does 189 divide 6340557?
False
Is 116256110 a multiple of 1628?
False
Does 167 divide 65937111?
True
Is 15 a factor of 7908029?
False
Is 98418347 a multiple of 4313?
True
Is 10064775 a multiple of 105